are the prime factors of n?
641
Let v(d) = 48371*d**2 + 25*d - 3. What are the prime factors of v(1)?
3, 19, 283
Suppose 2*v + 2*o - 28 = 0, 7*v - 3*o - 42 = 3*v. Suppose 3*t = -v, -2292 = -2*x - 2*x - 3*t. List the prime factors of x.
2, 3
Let r be (4/(-40)*-6)/(1/5). Suppose 4*i - 29 = c, -5*c - 5 = -0. What are the prime factors of 11*i - (r - 1)?
3, 5
Let f = 88 - 85. Suppose -u - 2*c = -5*c - 504, 1484 = f*u - 2*c. List the prime factors of u.
2, 3, 41
Let x(g) = -4*g**2 + 10. Let a(s) = 7*s**2 - 19. Let t(n) = -3*a(n) - 5*x(n). Let h be t(8). What are the prime factors of h/(-5) + (-4)/10?
11
Let z be (8 + -5)*(10/6 + 0). Suppose 2*g = -4*f + 2*f - 916, g - 2278 = z*f. List the prime factors of ((-2)/(4/(-1)))/((-6)/f).
2, 19
Let r(l) = 12*l**3 - 4*l**2 - 9*l - 3. Let x be r(-4). Let k = -559 - x. List the prime factors of k.
2, 3, 5
Suppose 0 = 4*m + 5*j + 3674, 3*j - 657 - 270 = m. Let n = 1916 + m. List the prime factors of n.
5, 199
Suppose -v - 4*v + 8915 = 5*t, -2*t + 2*v + 3574 = 0. Suppose 0 = p, 5*f + 6*p - t = 3*p. What are the prime factors of f?
3, 7, 17
Suppose 3*u + 7078 = 1414. Let v = -1086 - u. What are the prime factors of v?
2, 401
Let j(v) = 92*v**2 - 65*v + 263. List the prime factors of j(14).
3, 5, 19, 61
Suppose -2*d + b - 3*b = -8, -2*b = 5*d - 8. Suppose 3*y - 25 = -7*f + 2*f, d = 3*f - 4*y - 15. Suppose 1 = f*m - 134. What are the prime factors of m?
3
Let o(b) = -b**3 - 3*b**2 - 3*b - 1. Let j be o(-1). Suppose j = -3*a + 2*a - 123. Let y = a - -199. What are the prime factors of y?
2, 19
Suppose 5*x + 5*l + 1088 = 3*l, 0 = -5*x - 3*l - 1092. Let d = 799 + x. What are the prime factors of d?
11, 53
Let c(k) be the second derivative of -k**5/20 - k**4/2 + 7*k**3/6 + 5*k**2/2 + 3*k. Let u be c(-7). Suppose -u*m + 160 = -3*m. What are the prime factors of m?
2, 5
Let f be 7/((-49)/(-1806))*1. Suppose 262*y = f*y + 604. List the prime factors of y.
151
Suppose -8 = -3*h + 4*q, q = -4*h - 4*q + 52. Suppose h*z - 12 = 5*z. What are the prime factors of (0/2 - -100) + 8/z?
2, 3, 17
Let k = 1180 + 2822. Suppose 0 = -52*p + 380 - 276. What are the prime factors of k/27 + p/(-9)?
2, 37
List the prime factors of (-1 + 41223)/((-34)/(-17)).
20611
Let m(i) = 8*i - 178. Let g be m(7). Let j = g + 373. What are the prime factors of j?
251
Suppose 3*g = -2*g + 20. Suppose 0 = m + m + g*j - 314, 323 = 2*m - 5*j. Let c = -86 + m. What are the prime factors of c?
73
Let m = 24224 - 16582. List the prime factors of m.
2, 3821
Let v(i) = 12*i**2 - 4*i + 2. Let j be v(5). Suppose 11*a = 1063 - j. What are the prime factors of a?
71
Let q be ((-16)/(-40) - 152/5)*1. Let l be 4792/60 - 4/q. Suppose -4*d + 143 = 5*t, d + 53 = 5*t - l. List the prime factors of t.
3
Let q(k) = -k**3 + 11*k**2 - 12*k - 3. Let p be ((-3)/9)/(3/(-351)). Suppose 5*v - p = -2*t, -5*t - 23 = -2*v + 10. List the prime factors of q(v).
3, 17
Let j(d) = d**3 + 38*d**2 + 262*d - 21. Let y be j(-29). Let z(m) = -m - 1. Let o be z(-6). List the prime factors of ((-1360)/y)/(-2 - (-11)/o).
2, 17
Let d(g) = g**3 - 4*g**2 - 6*g - 22. Let p be d(7). Let z = -83 + p. Suppose 4*s - 5 - 707 = z. List the prime factors of s.
2, 89
Suppose -25242 = -26*h - 4026. List the prime factors of h.
2, 3, 17
Let d(m) = 13*m**2 + 5*m - 209. What are the prime factors of d(26)?
3, 2903
Let k(b) = -23*b - 4. Let r be k(-4). Suppose 1253 = 47*x - 40*x. Let c = x - r. What are the prime factors of c?
7, 13
Let h be 22/143 + 2/(-13). Suppose h = -2*s - y + 455, 3*s - 885 = -s + 3*y. Let d = -88 + s. List the prime factors of d.
137
Let l = -28149 + 39319. List the prime factors of l.
2, 5, 1117
Suppose -322*j - 289*j - 3014816 = -667*j. What are the prime factors of j?
2, 43, 313
Suppose 3*w + r = 2*r + 287, 0 = -2*w - r + 193. Suppose c + 5*j = 2*j - 48, 2*c + 2*j + w = 0. Let t = c + 110. What are the prime factors of t?
2, 31
Let r = 798 + 2006. List the prime factors of r.
2, 701
Suppose -m + 3*n = -10 - 4, m = 2*n + 10. What are the prime factors of (-1415)/(1 - m/1)?
5, 283
Let w = 2921 - 1844. Suppose -5*p = -3*x + 142 + 477, -3*p + w = 5*x. List the prime factors of x.
3, 71
Suppose 21*b - 9954 = 14*b. Suppose -3*n + b = 93. List the prime factors of n.
443
Suppose 2*c - 3*m + 4*m + 6 = 0, -4*m + 36 = -4*c. Let y(l) = -4*l**3 - 8*l**2 - 2*l + 1. List the prime factors of y(c).
311
Suppose 19*d - 28 = 12*d. Suppose -d*r = -6*r + 334. What are the prime factors of r?
167
Suppose c - 4*h - 13069 = -4*c, 0 = -c - h + 2621. Suppose 384 - c = -7*d. What are the prime factors of d?
11, 29
Let i be -2 - 2*(-933)/(-2). Let k = i + 1609. Suppose 4*b = 2*o - 5*o + 386, -k = -5*o + b. List the prime factors of o.
2, 67
Suppose -46*u + 15866 = 9*u - 614104. List the prime factors of u.
2, 3, 23, 83
Suppose 1202*j + 523908 = 1220*j. List the prime factors of j.
2, 3, 7, 11
Let g = 5735 + 8984. List the prime factors of g.
41, 359
Let a = -18 + 17. List the prime factors of 7 + -11 - 81/a.
7, 11
Suppose -b - j = -6993, -5*b + 374*j + 34947 = 376*j. What are the prime factors of b?
3, 17, 137
Let q(f) = f**3 + 5*f**2 - 2*f - 11. Let a be q(-5). List the prime factors of 364 + (-3)/(-2 + a/(-2)).
2, 3, 61
List the prime factors of (2 - 0/2) + 5023 + 66 + -67.
2, 157
What are the prime factors of (2 - 7 - -2)*-3 - -13827?
2, 3, 1153
Suppose -5*z - 2*t = -11, -2*z + t = -3*z + 1. Suppose o = -p + 192, 536 = z*p + 2*o - 7*o. List the prime factors of p.
11, 17
Let y be 14*-4*(-2)/16. Suppose g + 140 = -2*o, -y - 8 = 5*o. Let b = g + 192. List the prime factors of b.
2, 29
Suppose 3*p + 3*i + 3 = -0*p, -1 = 5*p + i. Suppose p = -18*j + 14*j + 764. Let y = j + -103. List the prime factors of y.
2, 11
Let r = 6328 - 3884. Suppose r = 21*b - 17*b. What are the prime factors of b?
13, 47
Let b be (-2)/(-10) - ((-71)/(-5) + 0). Let y be (1 - (-2)/1) + 13 + b. Suppose -4*p = -4*u - 320, 4*u - u + 159 = y*p. List the prime factors of p.
3
Let z = 5952 - 4839. List the prime factors of z.
3, 7, 53
Suppose 2*c - 5*b + 344 = 0, c = -2*b - 214 + 60. List the prime factors of (-13527)/c + 0 + (-6)/4.
2, 41
Let x = -284 + 477. Suppose 5*g - 28 = -x. Let v = 57 - g. List the prime factors of v.
2, 3, 5
Suppose 1738 = -4*k + 282. Suppose 34 = 5*j + 9, -15 = z - 5*j. What are the prime factors of (-4)/z + k/(-10)?
2, 3
Let w(x) = 69*x**2 - 9*x + 10. Let c be w(1). Suppose 3*i + 173 = -7. Let b = i + c. What are the prime factors of b?
2, 5
Let z = -30 - -32. Suppose -z*j = -j - 16. Suppose -j = -2*y - 3*n, 0 = y - 0*n + 4*n - 18. List the prime factors of y.
2
Let g(h) = 1474*h + 55. What are the prime factors of g(8)?
3, 11, 359
Let l(k) = 382*k - 1636. What are the prime factors of l(71)?
2, 12743
Let n(b) be the second derivative of 59*b**4/12 + b**3/3 + 5*b**2 + 187*b. List the prime factors of n(4).
2, 13, 37
Suppose 7710*g - 7715*g + 128980 = 0. What are the prime factors of g?
2, 6449
Suppose 3*a = 5*s + 2504, -a - 840 = -2*a + 3*s. Let f = -20 + 20. Suppose f*h + 6*h = a. What are the prime factors of h?
2, 3, 23
Suppose 2*k + 6 = r, -5*r + k + 36 + 3 = 0. Let b(l) = -10*l - 9 + r + 20*l. What are the prime factors of b(10)?
3, 11
Let z = 62 - 63. Let f = z - 6. List the prime factors of 52/(-182) - 597/f.
5, 17
Suppose -4*g = -16, -28*k + 3*g + 16048 = -23*k. List the prime factors of k.
2, 11, 73
Let k(u) = -509*u + 22. Let n be k(-2). Suppose 0 = -10*v + 2920 + n. What are the prime factors of v?
2, 3, 11
What are the prime factors of 16 + 82/(-5) - 48906/(-15)?
2, 5, 163
Let y(x) = x**2 + 2*x - 53. Let i be y(-26). Suppose 0 = -5*j + i + 324. What are the prime factors of j?
179
Let g(o) = -889*o + 4. List the prime factors of g(-34).
2, 5, 3023
Suppose 81*s + 48 = 73*s. List the prime factors of (-9)/s - (-2881)/2.
2, 7, 103
List the prime factors of (-1 - 75/(-70)) + (35983340/56)/19.
3, 11273
Suppose 300 = 5*k - 15. Let d(f) = -f**3 + 17*f**2 + 17*f - 3. Let c be d(18). Let u = k - c. List the prime factors of u.
2, 3, 7
Let d = 2500 + -1360. Suppose 2*a = 3*v + a - 3436, 0 = -v + 3*a + d. List the prime factors of v.
2, 3, 191
Let q(g) = 4*g**3 - 14*g**2 + 24*g + 99. List the prime factors of q(10).
2939
Let n = 38079 - 27109. List the prime factors of n.
2, 5, 1097
Let s(t) = 146*t - 1215. List